uppose -147 = -4*k + t + 31, -k - 5*t + 55 = 0. Suppose 0 = -m - 0*m + 9. Calculate the highest common factor of m and k.
9
Suppose 4*u + 2*d - 38 = -0*u, -25 = -3*u - 5*d. Let l = u + -8. What is the highest common divisor of l and 2?
2
Let q = 29 + -19. What is the greatest common factor of q and 5?
5
Suppose -49 = 4*d - 3*i - 220, 5*d - 2*i = 205. Suppose -3*q = -2*j + 2*q + 32, -2*j = -2*q - 44. Calculate the highest common divisor of d and j.
13
Let b be 0/(4 + -3 - 3). Suppose b*m = m. Suppose m*k - k = -17. What is the greatest common factor of 17 and k?
17
Let d be (2 - 21/15)*15. Suppose 2*o - 1 - d = 0. Calculate the highest common divisor of 1 and o.
1
Let a(s) = -s**2 - 6*s + 1. Suppose -15 = -3*b - 0*b. Suppose -2*i - 5 = 1, -2*i + 19 = -b*k. Let u be a(k). Calculate the greatest common divisor of u and 24.
6
Suppose 21*c + 9 = 22*c. What is the highest common divisor of c and 81?
9
Suppose 3*u - 14 + 49 = 5*y, u - 35 = -5*y. Let i(l) = l**2 - l - 6. Let p be i(y). Let s = 1 - -8. What is the highest common divisor of p and s?
9
Let h(n) = 3*n**2 - n - 7. Let f(r) = 2*r**2 - 7. Let c(t) = -6*f(t) + 5*h(t). Let g be c(5). What is the greatest common factor of 19 and g?
19
Let i(h) = -h - 12. Let o be i(-14). What is the greatest common divisor of 2 and o?
2
Suppose -5*v + 550 = 3*t, t = 2*v - t - 220. Let a be (-10)/5*2/(-4). Let l be a/(3/36) + -2. What is the highest common factor of v and l?
10
Suppose -a = -3*a - 4*o + 16, -3*a = 2*o - 20. Suppose -9*h = -4*h - 5. Suppose 0 = -w - h + 16. What is the greatest common factor of a and w?
3
Let u be 10/3*(-24)/(-20). Suppose u*x = 2 + 10. Calculate the highest common factor of 9 and x.
3
Let o be (0/2 - -1)*3. Let f(n) = 8*n - 54. Let q be f(7). Calculate the highest common divisor of q and o.
1
Suppose -3 - 5 = -4*m. Suppose -3 = -u - 2*s, -2*s - 24 = -4*u + 2*s. Calculate the greatest common divisor of u and m.
1
Let f(n) = -n + 128. Let k be f(0). Let q be (-121)/(-33) - (-4)/(-6) - -13. Calculate the greatest common factor of q and k.
16
Let f be (0/(-2))/(9 - 10). Suppose f = 4*h - 4 - 52. What is the highest common factor of 70 and h?
14
Let a(s) = s**3 - s**2 + 2*s + 1. Let n be a(3). Let g = 328 - 303. Calculate the greatest common divisor of g and n.
25
Suppose 2*o - o = 25. Let f = o - 14. What is the highest common factor of 55 and f?
11
Let a(i) = i**3 + i + 2. Let g be a(3). Calculate the greatest common divisor of 8 and g.
8
Let l be ((-15)/6)/((-15)/36). Let b = -4 + 6. What is the greatest common divisor of l and b?
2
Let g = 12 + -4. Calculate the greatest common divisor of g and 16.
8
Suppose 0 = 3*r - r - 110. Calculate the greatest common divisor of r and 22.
11
Suppose -2*f + 2*a + 41 = -39, -3 = 3*a. What is the highest common divisor of 39 and f?
39
Suppose 2*u - 42 = -5*u. Suppose 5*m = -4*h + 70, 56 = -2*m + u*m - 2*h. Calculate the highest common divisor of m and 35.
7
Let c be (-1 + 2 - 1) + 6. Let p(w) = -8*w - 10. Let y be p(-8). Calculate the greatest common divisor of c and y.
6
Let z(t) = t + 15 + 5*t + t**2 + 0*t**2. Let k be z(-10). What is the greatest common divisor of 5 and k?
5
Let l(v) = -v + 9. Let z be l(6). Suppose 2*g = -z - 9. Let n = g - -14. Calculate the highest common divisor of 64 and n.
8
Let u(q) be the second derivative of 14*q**3/3 + 4*q. Let h be u(3). What is the greatest common divisor of h and 12?
12
Let v be (14/4)/((-1)/(-14)). What is the greatest common factor of 7 and v?
7
Let s(a) = -a**3 + 5*a**2 - 5*a - 2. Let k be s(4). Let c be 2*k*2/3. Let q = c - -18. Calculate the highest common divisor of q and 2.
2
Let h be -2 + (-9)/(-3) - -3. Let v be (-58)/(-18) + h/(-18). Suppose 0 = -5*i + v + 12. What is the greatest common divisor of 21 and i?
3
Let c(p) = -4*p - 3. Let w be c(-5). Calculate the greatest common factor of w and 17.
17
Let r be 714/(-4)*12/(-18). Let b = -21 + 38. Calculate the highest common factor of b and r.
17
Suppose -u = -6*u + 20. Suppose u*t - 2*t - 16 = 0. Calculate the greatest common factor of 72 and t.
8
Suppose p + 3*w = 22, 0*w + 97 = 4*p + 3*w. What is the greatest common divisor of p and 25?
25
Suppose -2 = -8*n + 5*n + y, 3*y - 18 = -3*n. Let r(o) = 3*o - 3. Let s be r(n). Let k be (-4)/s*-3*4. What is the highest common divisor of 24 and k?
8
Let k = 35 - 18. Let p = 41 - k. Let w(s) = -2*s**3 - 18*s**2 + 8. Let n be w(-9). Calculate the highest common factor of p and n.
8
Let m(w) = -69*w**3 - 2*w - 1. Let u be m(-1). Suppose -5*v = -5*i + 30, -3*i + 42 = 2*v + v. Calculate the highest common divisor of u and i.
10
Suppose -5*b + 6*a - 3*a = -6, -a = -2*b + 3. Let p be b*3*39/9. Calculate the greatest common factor of p and 13.
13
Let u be (-52)/(-5) + 24/(-60). What is the greatest common divisor of 40 and u?
10
Let t(u) = u**3 - 2*u**2 + 7. Let y be t(0). What is the highest common divisor of y and 91?
7
Let q = -198 - -374. Calculate the greatest common divisor of q and 16.
16
Let l(g) = -g**3 - 4*g**2 - g - 3. Let s be l(-3). Let a = 15 + s. What is the greatest common divisor of a and 48?
6
Suppose -w + 2 = 5*r, w + r - 4*r - 34 = 0. What is the highest common divisor of 55 and w?
11
Let u(h) be the first derivative of 5*h**2/2 + 3*h - 2. Let b be u(5). What is the greatest common divisor of 14 and b?
14
Suppose 2 = d, -4*w + 81 = -2*d - 167. What is the greatest common divisor of 7 and w?
7
Suppose 5*h - 114 = 66. Let o(i) = 2*i + 2. Let z be o(5). Calculate the greatest common divisor of z and h.
12
Let m be (-5 + -18)*-2*1. Suppose -2*b - 3*b - 20 = 0. Let y be (2 - 77/4)*b. What is the highest common divisor of y and m?
23
Let b(z) = -38*z + 1. Let c be b(-2). Calculate the highest common divisor of 7 and c.
7
Let i be ((-3)/(-2))/(3/42). Suppose -3*k + 6 = -3. Calculate the greatest common divisor of k and i.
3
Let w be 7/(-2)*(-264)/12. What is the highest common divisor of w and 11?
11
Let b = 44 + -35. What is the greatest common factor of b and 144?
9
Let d be 6/(-21) - (-5926)/14. Let a = d + -278. Let c = a - 90. Calculate the greatest common divisor of c and 5.
5
Let h = -165 - -173. Calculate the greatest common factor of 104 and h.
8
Let r = 133 - 115. What is the highest common divisor of 30 and r?
6
Let x(z) = -z + 2. Let v be x(-17). Calculate the greatest common divisor of 19 and v.
19
Suppose -5*d = -0*d - 25. Suppose -q + d = -23. Calculate the greatest common factor of q and 4.
4
Suppose -l + 0*l = 3, -k + 2*l = -40. Let y = -193 - -278. What is the highest common divisor of k and y?
17
Let r be -2 - ((-7 - -2) + 2). Let h be 67 - 59 - (2 - 0 - -1). Calculate the highest common divisor of r and h.
1
Let b(q) = -q - 4. Let n be b(-5). Let y = 16 + n. Suppose -2*i + p = 3*i - 934, -3*p = -2*i + 371. Calculate the greatest common factor of y and i.
17
Let f(t) = t**3 - 13*t**2 - 12*t - 7. Let p be f(14). What is the greatest common factor of p and 3?
3
Let z(k) = 15*k**3 + k**2 + k. Let y be z(2). Calculate the greatest common divisor of 14 and y.
14
Suppose -4*a + 8*a = 616. Let g = a - 56. What is the greatest common divisor of g and 14?
14
Let u be -4*1/4*-6. Let i be 4/u*(-27)/(-1). What is the highest common factor of i and 2?
2
Let s(j) = 3*j**2 - 9*j + 2. Let x be s(6). Let p be ((-28)/6)/(54/(-81)). Calculate the highest common factor of p and x.
7
Let h(f) = 167*f**2 + 1. Let n be h(1). Suppose 5*y + 0*u - n = 2*u, -5*y = 5*u - 140. Calculate the greatest common factor of 8 and y.
8
Let s = 9 + 56. Calculate the greatest common divisor of 26 and s.
13
Let c(u) = u**2 - u + 6. Let b be c(-5). Let f(q) = q**2 + q - 3. Let z be f(3). What is the highest common factor of b and z?
9
Let b = -2 - -20. Suppose -5*k + 0 + 10 = 0. What is the greatest common divisor of b and k?
2
Let o be 20/6 + 3/(-9). Let j(f) = -f**3 + 3*f**2 - 2. Let p be j(o). Let c(u) = -u**3 - u + 1. Let s be c(p). Calculate the highest common divisor of 55 and s.
11
Suppose 19*p - 308 = 12*p. What is the highest common factor of p and 4?
4
Let d(v) = -v**3 - v**2 + 1. Let p be d(1). Let z be (0 - 2) + (-9)/p. Calculate the highest common divisor of 7 and z.
7
Let n be ((-12)/(-9))/4*15. Calculate the highest common factor of 25 and n.
5
Let t(a) = -a**3 + 5*a**2 + 3*a - 8. Suppose -12 